 the greatest common divisor of 3174122 and 103586?
686
What is the highest common factor of 8516725 and 175?
175
What is the greatest common divisor of 23202195 and 45?
15
What is the highest common divisor of 32 and 20421168?
16
Calculate the greatest common divisor of 44318971 and 21889.
3127
Calculate the greatest common factor of 195 and 925041.
39
Calculate the highest common factor of 38 and 2962760.
2
Calculate the greatest common factor of 494261 and 2174177.
2857
What is the highest common factor of 597 and 31645577?
199
What is the greatest common divisor of 12 and 371176?
4
Calculate the greatest common factor of 66867693 and 207.
69
What is the greatest common divisor of 120507490 and 454?
454
What is the highest common divisor of 95 and 119785?
5
What is the greatest common divisor of 481142 and 2?
2
What is the greatest common divisor of 560 and 43211504?
112
Calculate the highest common divisor of 1171476504 and 48.
24
Calculate the greatest common divisor of 192 and 11854.
2
Calculate the greatest common factor of 2686 and 38416278.
158
What is the highest common divisor of 530 and 22142446?
106
What is the greatest common divisor of 1493422 and 144926?
622
Calculate the greatest common divisor of 2023766 and 1258547.
2803
What is the highest common factor of 46665 and 14729310?
765
Calculate the greatest common divisor of 61870 and 33840.
10
Calculate the greatest common divisor of 916 and 70572.
4
What is the highest common divisor of 2910 and 685485?
15
Calculate the greatest common divisor of 161 and 3647731.
23
What is the greatest common factor of 19473350 and 52?
26
What is the highest common factor of 642860 and 195?
5
Calculate the greatest common factor of 2705048 and 5728.
1432
What is the highest common factor of 300 and 39282420?
60
What is the highest common factor of 60 and 25083360?
60
Calculate the highest common factor of 73603 and 10057.
89
What is the highest common factor of 11700 and 173420?
260
What is the highest common factor of 67083 and 1725966?
1137
What is the greatest common divisor of 1656 and 3590928?
72
Calculate the highest common divisor of 10334 and 728180143.
5167
Calculate the highest common divisor of 188464278 and 510.
102
What is the greatest common divisor of 174 and 26540394?
174
What is the greatest common divisor of 21692400 and 34800?
1200
What is the greatest common divisor of 343744 and 7166144?
2624
Calculate the highest common factor of 4968 and 2323362204.
2484
Calculate the greatest common factor of 4385 and 9670679.
877
What is the greatest common divisor of 277356154 and 26295?
1753
What is the highest common factor of 1 and 17903?
1
Calculate the greatest common divisor of 4212 and 139068252.
324
What is the highest common divisor of 8193 and 110897717?
2731
What is the highest common factor of 522377 and 29?
29
What is the highest common factor of 25305 and 193174755?
3615
What is the greatest common factor of 56 and 22296442?
14
What is the greatest common factor of 87636794 and 7252?
3626
What is the greatest common factor of 14 and 4443649?
7
Calculate the greatest common divisor of 9714656 and 42784.
224
Calculate the greatest common divisor of 296 and 20226088.
8
What is the greatest common factor of 2956746 and 11544?
78
What is the highest common factor of 3500 and 19782875?
875
What is the highest common divisor of 224461955 and 5?
5
Calculate the highest common divisor of 58669 and 26858.
13
What is the greatest common divisor of 485292 and 555?
111
What is the highest common divisor of 35265992 and 4197?
1399
What is the greatest common divisor of 4086 and 67566096?
4086
Calculate the greatest common divisor of 1315665 and 376794.
1557
Calculate the greatest common factor of 18499377 and 39.
39
Calculate the greatest common factor of 18711552 and 24.
24
Calculate the highest common factor of 26801404 and 7.
7
What is the greatest common factor of 312512906 and 1763?
1763
What is the highest common divisor of 456 and 57592?
8
Calculate the greatest common factor of 583 and 1840266.
53
Calculate the highest common divisor of 55234337 and 877.
877
Calculate the greatest common divisor of 5936 and 161332.
212
What is the greatest common divisor of 5946952 and 352?
88
What is the highest common factor of 5892 and 10344?
12
Calculate the highest common divisor of 110 and 93222410.
10
What is the greatest common factor of 2224368042 and 1794?
1794
What is the greatest common factor of 383357 and 135138523?
10361
Calculate the greatest common divisor of 22655 and 2231.
23
Calculate the highest common divisor of 2045552064 and 17.
17
Calculate the greatest common factor of 13051675 and 10283.
91
Calculate the highest common divisor of 1269696 and 527.
17
What is the highest common factor of 150799 and 29579?
11
Calculate the greatest common factor of 1416 and 619128.
24
What is the greatest common factor of 7098 and 17749056?
1014
Calculate the greatest common factor of 43626 and 18106.
22
Calculate the greatest common divisor of 159152086 and 2972.
1486
What is the highest common factor of 66795 and 1680?
15
What is the greatest common divisor of 552221712 and 567?
567
What is the greatest common factor of 20541870 and 7110?
90
Calculate the greatest common divisor of 1040 and 605488.
208
Calculate the greatest common factor of 20431954 and 6745.
1349
Calculate the greatest common divisor of 1653618 and 146895.
4197
Calculate the greatest common divisor of 11916442 and 148.
74
Calculate the highest common factor of 4254 and 438532098.
4254
What is the greatest common factor of 8246670 and 195?
15
What is the greatest common divisor of 36894 and 126424386?
2838
Calculate the highest common divisor of 10106595 and 90.
45
What is the greatest common divisor of 3706 and 5219782?
34
What is the highest common factor of 54 and 173352663?
27
Calculate the greatest common factor of 257 and 25299080.
257
What is the greatest common factor of 516055 and 18?
1
What is the highest common factor of 1420866 and 54?
18
Calculate the greatest common factor of 6430073 and 39.
13
What is the highest common divisor of 2091271 and 23517?
871
Calculate the highest common factor of 194590 and 62.
2
What is the greatest common factor of 47187631 and 19496?
2437
What is the greatest common divisor of 22 and 131729422?
22
What is the greatest common divisor of 10368 and 23646816?
2592
Calculate the highest common divisor of 40 and 1377972980.
20
Calculate the greatest common factor of 7875 and 17291925.
1575
What is the greatest common factor of 2849 and 59361764?
2849
Calculate the highest common divisor of 71340 and 790890.
1230
What is the highest common divisor of 50301 and 211485?
69
What is the highest common factor of 2797925 and 5850?
325
What is the highest common divisor of 8938094 and 5890?
38
What is the greatest common divisor of 245 and 45513258?
49
What is the highest common divisor of 33642330 and 460?
230
Calculate the greatest common divisor of 4111929 and 117.
9
What is the highest common divisor of 9324 and 2942654400?
9324
What is the greatest common divisor of 39580 and 380?
20
What is the greatest common factor of 2023448322 and 958?
958
Calculate the greatest common factor of 7836 and 84648390.
3918
Calculate the greatest common divisor of 68340 and 18972.
204
Calculate the greatest common factor of 5103805 and 35.
35
What is the highest common divisor of 89523 and 1022511?
609
Calculate the greatest common divisor of 120 and 70779516.
12
What is the greatest common divisor of 432 and 1383216?
48
What is the greatest common factor of 2099889 and 1254?
33
Calculate the highest common factor of 68949 and 1504.
47
What is the highest common divisor of 64097 and 2134?
11
What is the highest common divisor of 2471082 and 1110?
222
What is the highest common divisor of 4697 and 57767?
61
What is the greatest common divisor of 984 and 5424546?
246
Calculate the greatest common factor of 3674 and 3381707582.
3674
What is the greatest common factor of 9794 and 2716922?
166
Calculate the greatest common factor of 1109099 and 85484.
43
Calculate the greatest common divisor of 19 and 10891313.
19
What is the greatest common divisor of 74230 and 234?
26
Calculate the greatest co